{"id":389,"date":"2012-09-09T18:11:40","date_gmt":"2012-09-09T18:11:40","guid":{"rendered":"http:\/\/gymnastik.aarupbk.dk\/?page_id=389"},"modified":"2012-09-10T11:54:20","modified_gmt":"2012-09-10T11:54:20","slug":"sikkerhedsinstruks","status":"publish","type":"page","link":"https:\/\/gymnastik.aarupboldklub.dk\/?page_id=389","title":{"rendered":"Sikkerhedsinstruks"},"content":{"rendered":"<p align=\"LEFT\">\n<p>&nbsp;<\/p>\n<p align=\"LEFT\"><span style=\"font-size: 20px;\"><strong>Sikkerhedsinstruks<\/strong><\/span><\/p>\n<p>&nbsp;<\/p>\n<p align=\"LEFT\">Form\u00e5l<\/p>\n<p align=\"LEFT\">Form\u00e5let med denne instruks\/plan er at skabe st\u00f8rst mulig sikkerhed s\u00e5vel under<\/p>\n<p align=\"LEFT\">tr\u00e6ningen som i tilf\u00e6lde af alvorlige h\u00e6ndelser samt begr\u00e6nse omfanget og f\u00f8lgerne<\/p>\n<p align=\"LEFT\">af alvorlige h\u00e6ndelser mest muligt.<\/p>\n<p align=\"LEFT\">Generelt<\/p>\n<p align=\"LEFT\">Den daglige sikkerhed i hallen er baseret p\u00e5:<\/p>\n<p align=\"LEFT\">Deltagerlister med telefonnumre og adresser<\/p>\n<p align=\"LEFT\">S\u00e5 sikre springbaner som muligt<\/p>\n<p align=\"LEFT\">Inddeling af gymnasterne efter f\u00e6rdigheder\/niveau<\/p>\n<p align=\"LEFT\">Tilpasning af spring efter gymnasternes f\u00e6rdigheder\/niveau<\/p>\n<p align=\"LEFT\">L\u00f8bende instruktioner til springerne<\/p>\n<p align=\"LEFT\">\u00d8vede\/tr\u00e6nede modtagere afpasset efter springernes f\u00e6rdigheder<\/p>\n<p align=\"LEFT\">Beredskabet er baseret p\u00e5:<\/p>\n<p align=\"LEFT\">Kendskab til denne instruks<\/p>\n<p align=\"LEFT\">Tilstr\u00e6kkeligt antal voksne p\u00e5 alle hold &#8211; skal v\u00e6re i stand til at overskue og agere<\/p>\n<p align=\"LEFT\">korrekt ved alvorlige h\u00e6ndelser<\/p>\n<p align=\"LEFT\">Instrukt\u00f8rernes viden om f\u00f8rstehj\u00e6lp<\/p>\n<p align=\"LEFT\">Viden om mulighederne for at tilkalde assistance<\/p>\n<p align=\"LEFT\">Kriseberedskabsplan (er under udarbejdelse)<\/p>\n<p align=\"LEFT\">Sikkerheden<\/p>\n<p align=\"LEFT\">Alle instrukt\u00f8rer, skal inden tr\u00e6ningen i hallen p\u00e5begyndes, f\u00f8re en liste over deltagere<\/p>\n<p align=\"LEFT\">p\u00e5 dagens hold &#8211; husk at tilf\u00f8je dem, der kommer dryssende.<\/p>\n<p align=\"LEFT\">Det skal v\u00e6re muligt udelukkende p\u00e5 grund af afkrydsningslisten evt. suppleret med en<\/p>\n<p align=\"LEFT\">adresseliste at evakuere og kontrolt\u00e6lle alle b\u00f8rn korrekt, ligesom det skal v\u00e6re muligt<\/p>\n<p align=\"LEFT\">p\u00e5 baggrund af den ajourf\u00f8rte adresseliste at kontakte de tilstedev\u00e6rende b\u00f8rns<\/p>\n<p align=\"LEFT\">for\u00e6ldre.<\/p>\n<p align=\"LEFT\">Afkrydsningslisterne (kan v\u00e6re en eller to lister) er grundlaget for at der kan<\/p>\n<p align=\"LEFT\">handles korrekt i tilf\u00e6lde af brand eller ulykker, hvor for\u00e6ldre skal tilkaldes,<\/p>\n<p align=\"LEFT\">ligesom listerne har stor v\u00e6rdi ved eventuel iv\u00e6rks\u00e6ttelse af kriseberedskab, da<\/p>\n<p align=\"LEFT\">alle tilstedev\u00e6rende b\u00f8rns identitet derved er kendt.<\/p>\n<p align=\"LEFT\">Springbanerne skal v\u00e6re s\u00e5 sikre som muligt &#8211; sikres med skridm\u00e5tter. Banerne b\u00f8r kun<\/p>\n<p align=\"LEFT\">planl\u00e6gges af tr\u00e6nede instrukt\u00f8rer.<\/p>\n<p align=\"LEFT\">2<\/p>\n<p align=\"LEFT\">Modtagere p\u00e5 springbanerne skal v\u00e6re fortrolige med og \u00f8vede p\u00e5 de aktuelle baner,<\/p>\n<p align=\"LEFT\">inden de kan st\u00e5 alene p\u00e5 en springbane. Ingen unge st\u00e5r alene p\u00e5 baner som trampolin,<\/p>\n<p align=\"LEFT\">kraftspring, flik eller sv\u00e6rere spring.<\/p>\n<p align=\"LEFT\">Deltagere p\u00e5 springhold (uanset alder) b\u00f8r l\u00f8bende igennem hele s\u00e6sonen instrueres om,<\/p>\n<p align=\"LEFT\">at det IKKE er tilladt at benytte redskaberne, medmindre en af instrukt\u00f8rerne eller<\/p>\n<p align=\"LEFT\">hj\u00e6lperne p\u00e5 holdet er klar til at modtage springeren.<\/p>\n<p align=\"LEFT\">Endvidere tr\u00e6nes gymnasterne i k\u00f8kultur (hold afstand, l\u00f8b ikke ind foran en, der skal<\/p>\n<p align=\"LEFT\">til at springe, undlad at pjatte\/skubbe i r\u00e6kkerne).<\/p>\n<p align=\"LEFT\">De mindre b\u00f8rn skal ligeledes instrueres om, at de ikke har adgang til redskabsrummet<\/p>\n<p align=\"LEFT\">alene.<\/p>\n<p align=\"LEFT\">Under tr\u00e6ningen er der:<\/p>\n<p align=\"LEFT\">ingen tyggegummi eller andet spiseligt i hallen<\/p>\n<p align=\"LEFT\">ingen h\u00e6ngende \u00f8renringe eller halsk\u00e6der<\/p>\n<p align=\"LEFT\">Ingen med langt l\u00f8st h\u00e5r &#8211; dette skal s\u00e6ttes op ved spring<\/p>\n<p align=\"LEFT\">Beredskabet<\/p>\n<p align=\"LEFT\">Alle instrukt\u00f8rer og hj\u00e6lpetr\u00e6nere skal kende indholdet af denne instruks og<\/p>\n<p align=\"LEFT\">kriseberedskabsplanen ( er under udarbejdelse)<\/p>\n<p align=\"LEFT\">N\u00e5r der tr\u00e6ffes beslutning om at oprette et springgymnastikhold, skal det vurderes,<\/p>\n<p align=\"LEFT\">om antallet af voksne er tilstr\u00e6kkeligt i forholdet til antallet af deltagerne b\u00f8rn &#8211; hvis<\/p>\n<p align=\"LEFT\">dette vurderes negativt nedl\u00e6gges holdet. P\u00e5 et springhold for b\u00f8rn under 14 \u00e5r skal<\/p>\n<p align=\"LEFT\">der tilstede i hallen v\u00e6re minimum 2 voksne instrukt\u00f8rer\/tr\u00e6nere, som har kendskab til<\/p>\n<p align=\"LEFT\">b\u00f8rnene.<\/p>\n<p align=\"LEFT\">Mindst to instrukt\u00f8rer eller hj\u00e6lpere p\u00e5 hvert hold skal have kendskab til f\u00f8rstehj\u00e6lp,<\/p>\n<p align=\"LEFT\">samt v\u00e6re i stand til at overskue og give instruktioner til hele holdet p\u00e5 en gang.<\/p>\n<p align=\"LEFT\">Instrukt\u00f8rer og hj\u00e6lpeinstrukt\u00f8rer skal vide, hvordan man yder f\u00f8rstehj\u00e6lp, tilkalder<\/p>\n<p align=\"LEFT\">assistance og informerer rigtigt.<\/p>\n<p align=\"LEFT\">Ved alvorlige skader ydes livreddende f\u00f8rstehj\u00e6lp.<\/p>\n<p align=\"LEFT\">B\u00f8rnene samles et passende sted &#8211; s\u00f8rg for at f\u00e5 alle med.<\/p>\n<p align=\"LEFT\">3<\/p>\n<p align=\"LEFT\">Tilkald af hj\u00e6lp ved mindre alvorlige skader<\/p>\n<p align=\"LEFT\">Ved mindre alvorlige skader tilkaldes for\u00e6ldre i henhold til navneliste efter behov.<\/p>\n<p align=\"LEFT\">Der er normalt ikke behov for yderligere information til bestyrelse eller \u00f8vrige<\/p>\n<p align=\"LEFT\">for\u00e6ldre.<\/p>\n<p align=\"LEFT\">Tilkald af hj\u00e6lp ved alvorlige skader<\/p>\n<p align=\"LEFT\">Skaf overblik<\/p>\n<p align=\"LEFT\">Giv livreddende f\u00f8rstehj\u00e6lp<\/p>\n<p align=\"LEFT\">Saml de \u00f8vrige b\u00f8rn et passende sted<\/p>\n<p align=\"LEFT\">Dette vil i f\u00f8rste omgang v\u00e6re i hallen, hvor man kan overskue b\u00f8rnene.<\/p>\n<p align=\"LEFT\">Tilkald hj\u00e6lp<\/p>\n<p align=\"LEFT\">Ved behov for ambulance skal denne helst tilkaldes fra telefon i cafeteriet.<\/p>\n<p align=\"LEFT\">Halinspekt\u00f8r informeres om h\u00e6ndelsen, og det aftales, hvilke d\u00f8re der evt. skal l\u00e5ses op<\/p>\n<p align=\"LEFT\">for ambulancepersonalet.<\/p>\n<p align=\"LEFT\">Der sendes nogen ud til parkeringspladsen for at guide ambulancen til den rigtige<\/p>\n<p align=\"LEFT\">indgang.<\/p>\n<p align=\"LEFT\">Tilkald barnets for\u00e6ldre &#8211; brug afkrydsningslisten.<\/p>\n<p align=\"LEFT\">N\u00e5r det er muligt &#8211; vurder om b\u00f8rnene med fordel kan flyttes til andet lokale.<\/p>\n<p align=\"LEFT\">Hvis b\u00f8rnene flyttes, er det vigtigt, at der er tilstr\u00e6kkeligt antal voksne og hj\u00e6lpere<\/p>\n<p align=\"LEFT\">til r\u00e5dighed for at sikre at alle b\u00f8rn samles, og der ikke er nogen der forsvinder p\u00e5<\/p>\n<p align=\"LEFT\">vejen.<\/p>\n<p align=\"LEFT\">Informer en person fra adresselisten bagest i denne instruks om h\u00e6ndelsen.<\/p>\n<p align=\"LEFT\">Vedkommende vil s\u00f8rge for at tilkalde voksne, som kan bist\u00e5 ved eventuel aflysning af<\/p>\n<p align=\"LEFT\">hold, pasning af b\u00f8rn, telefonopringninger til for\u00e6ldre, som skal hente deres b\u00f8rn,<\/p>\n<p align=\"LEFT\">iv\u00e6rks\u00e6ttelse af krisehj\u00e6lp til tr\u00e6nere\/hj\u00e6lpere m.v.<\/p>\n<p align=\"LEFT\">Bevar overblikket<\/p>\n<p align=\"LEFT\">N\u00e5r alle b\u00f8rn er afleveret \/afhentet af deres for\u00e6ldre, og disse er informeret kort om<\/p>\n<p align=\"LEFT\">h\u00e6ndelsen, b\u00f8r f\u00f8lgende overvejes:<\/p>\n<p align=\"LEFT\">Krisehj\u00e6lp<\/p>\n<p align=\"LEFT\">De-briefing<\/p>\n<p align=\"LEFT\">Orientering af skole<\/p>\n<p align=\"LEFT\">Forl\u00f8b af holdets n\u00e6ste tr\u00e6ning<\/p>\n<p align=\"LEFT\">4<\/p>\n<p align=\"LEFT\">Hj\u00e6lpemidler<\/p>\n<p align=\"LEFT\">Denne instruks samt ajourf\u00f8rt tilkaldeliste ligger\u2026\u2026\u2026<\/p>\n<p align=\"LEFT\">F\u00f8rstehj\u00e6lpskasse ligger i st\u00e5lskab i redskabsrum<\/p>\n<p align=\"LEFT\">Isposer hentes i cafeteriet hos halinspekt\u00f8ren (husk at aflevere brugte poser igen)<\/p>\n<p align=\"LEFT\">Elastikbind ligger\u2026..<\/p>\n<p align=\"LEFT\">Maske for kunstigt \u00e5ndedr\u00e6t ligger\u2026\u2026.<\/p>\n<p align=\"LEFT\">Tilkaldeliste ved alvorlige h\u00e6ndelser<\/p>\n<p align=\"LEFT\">Der ringes f\u00f8rst til den \u00f8verste p\u00e5 listen &#8211; hvis der ikke opn\u00e5s kontakt, forts\u00e6ttes til<\/p>\n<p align=\"LEFT\">den n\u00e6ste o. s. v.<\/p>\n<p align=\"LEFT\">Navn 1<\/p>\n<p align=\"LEFT\">Navn 2<\/p>\n<p align=\"LEFT\">Navn 3<\/p>\n<p align=\"LEFT\">Navn 4<\/p>\n<p align=\"LEFT\">Navn 5<\/p>\n<p align=\"LEFT\">Forebyggende:<\/p>\n<p align=\"LEFT\">Endvidere er n\u00e6vnt f\u00f8lgende ide\u00e8r: Minimum alder p\u00e5 hj\u00e6lpetr\u00e6nere ?<\/p>\n<p align=\"LEFT\">Modtagekurser p\u00e5 springhold ?<\/p>\n<p align=\"LEFT\">04-08-08<\/p>\n<p>Sikkerhedsinstruks<\/p>\n","protected":false},"excerpt":{"rendered":"<p>&nbsp; Sikkerhedsinstruks &nbsp; Form\u00e5l Form\u00e5let med denne instruks\/plan er at skabe st\u00f8rst mulig sikkerhed s\u00e5vel under tr\u00e6ningen som i tilf\u00e6lde af alvorlige h\u00e6ndelser samt begr\u00e6nse omfanget og f\u00f8lgerne af alvorlige h\u00e6ndelser mest muligt. Generelt Den daglige sikkerhed i hallen er&hellip;<\/p>\n<p class=\"more-link-p\"><a class=\"more-link\" href=\"https:\/\/gymnastik.aarupboldklub.dk\/?page_id=389\">Read more &rarr;<\/a><\/p>\n","protected":false},"author":1,"featured_media":0,"parent":383,"menu_order":2,"comment_status":"open","ping_status":"open","template":"","meta":{"footnotes":""},"class_list":["post-389","page","type-page","status-publish","hentry"],"_links":{"self":[{"href":"https:\/\/gymnastik.aarupboldklub.dk\/index.php?rest_route=\/wp\/v2\/pages\/389","targetHints":{"allow":["GET"]}}],"collection":[{"href":"https:\/\/gymnastik.aarupboldklub.dk\/index.php?rest_route=\/wp\/v2\/pages"}],"about":[{"href":"https:\/\/gymnastik.aarupboldklub.dk\/index.php?rest_route=\/wp\/v2\/types\/page"}],"author":[{"embeddable":true,"href":"https:\/\/gymnastik.aarupboldklub.dk\/index.php?rest_route=\/wp\/v2\/users\/1"}],"replies":[{"embeddable":true,"href":"https:\/\/gymnastik.aarupboldklub.dk\/index.php?rest_route=%2Fwp%2Fv2%2Fcomments&post=389"}],"version-history":[{"count":4,"href":"https:\/\/gymnastik.aarupboldklub.dk\/index.php?rest_route=\/wp\/v2\/pages\/389\/revisions"}],"predecessor-version":[{"id":391,"href":"https:\/\/gymnastik.aarupboldklub.dk\/index.php?rest_route=\/wp\/v2\/pages\/389\/revisions\/391"}],"up":[{"embeddable":true,"href":"https:\/\/gymnastik.aarupboldklub.dk\/index.php?rest_route=\/wp\/v2\/pages\/383"}],"wp:attachment":[{"href":"https:\/\/gymnastik.aarupboldklub.dk\/index.php?rest_route=%2Fwp%2Fv2%2Fmedia&parent=389"}],"curies":[{"name":"wp","href":"https:\/\/api.w.org\/{rel}","templated":true}]}}